{"id":899,"date":"2025-02-25T13:13:39","date_gmt":"2025-02-25T12:13:39","guid":{"rendered":"https:\/\/walkomed.pl\/sklep\/produkt\/md-muscle-guna-tropokolagen-miesnie-relaksacja-mezoterapia-ampulka-10x2ml-2\/"},"modified":"2025-02-25T14:03:28","modified_gmt":"2025-02-25T13:03:28","slug":"md-muscle-guna-tropokolagen-miesnie-relaksacja-mezoterapia-ampulka-10x2ml-2","status":"publish","type":"product","link":"https:\/\/walkomed.pl\/sklep\/produkt\/md-muscle-guna-tropokolagen-miesnie-relaksacja-mezoterapia-ampulka-10x2ml-2\/","title":{"rendered":"MD MUSCLE GUNA TROPOKOLAGEN mi\u0119\u015bnie relaksacja mezoterapia ampu\u0142ka 10x2ml"},"content":{"rendered":"<section class=\"section\">\n<div class=\"item item-12\">\n<section class=\"text-item\">\n<h2>\u2b50 MD-Muscle GUNA \u2013 zaawansowany produkt stworzony do wspomagania terapii mi\u0119\u015bni i staw\u00f3w, a tak\u017ce do profilaktyki przeciwstarzeniowej. Dzi\u0119ki zawarto\u015bci tropokolagenu typu I, MD-Muscle regeneruje tkank\u0119 \u0142\u0105czn\u0105 mi\u0119\u015bni, wp\u0142ywaj\u0105c korzystnie na naczynia krwiono\u015bne i nerwy odpowiedzialne za ich funkcjonowanie. \u2b50<\/h2>\n<\/section><\/div>\n<\/section>\n<section class=\"section\">\n<div class=\"item item-6\">\n<section class=\"image-item\"><img decoding=\"async\" src=\"https:\/\/upload.cdn.baselinker.com\/products\/3016871\/258ed94015378dad5d602cdb245857ee.jpg\" \/><\/section>\n<\/p><\/div>\n<div class=\"item item-6\">\n<section class=\"text-item\">\n<h1>\u27a1\ufe0f Korzy\u015bci stosowania MD-MUSCLE:<\/h1>\n<p><b>Regeneracja i uj\u0119drnienie<\/b> \u2013 Tropokolagen typu I regeneruje tkank\u0119 \u0142\u0105czn\u0105, przywracaj\u0105c prawid\u0142owe napi\u0119cie mi\u0119\u015bniowe i poprawiaj\u0105c wygl\u0105d sk\u00f3ry w leczonym obszarze.<\/p>\n<p><b>Poprawa funkcjonowania mi\u0119\u015bni<\/b> \u2013 Dziurawiec i kolagen wspomagaj\u0105 rozci\u0105ganie i funkcjonowanie mi\u0119\u015bni, u\u0142atwiaj\u0105c utrzymanie masy mi\u0119\u015bniowej, szczeg\u00f3lnie przy wadach postawy.<\/p>\n<p><b>Redukcja b\u00f3lu<\/b> \u2013 MD-Muscle \u0142agodzi miejscowe dolegliwo\u015bci b\u00f3lowe oraz b\u00f3l zwi\u0105zany z ruchem i wadami postawy.<\/p>\n<p>Aukcja dotyczy dw\u00f3ch ampu\u0142ek po 2 ml.<\/p>\n<\/section><\/div>\n<\/section>\n<section class=\"section\">\n<div class=\"item item-6\">\n<section class=\"text-item\">\n<p><b>Zastosowanie:<\/b><\/p>\n<p>MD-Muscle jest idealnym rozwi\u0105zaniem dla os\u00f3b potrzebuj\u0105cych:<\/p>\n<p><b>Przywr\u00f3cenia prawid\u0142owego napi\u0119cia mi\u0119\u015bniowego<\/b> \u2013 Efektywnie odm\u0142adza wygl\u0105d twarzy i innych obszar\u00f3w zabiegowych poprzez rozlu\u017anienie mi\u0119\u015bni.<\/p>\n<p><b>Leczenia bruksizmu i rozlu\u017anienia mi\u0119\u015bni wok\u00f3\u0142 oka<\/b> \u2013 Skutecznie rozlu\u017ania mi\u0119\u015bnie, przyczyniaj\u0105c si\u0119 do poprawy funkcjonowania tych obszar\u00f3w.<\/p>\n<p><b>Wsparcia w regeneracji mi\u0119\u015bni os\u0142abionych przez stosowanie botoksu<\/b> \u2013 U\u0142atwia regeneracj\u0119 i przywraca pe\u0142n\u0105 funkcjonalno\u015b\u0107 mi\u0119\u015bni.<\/p>\n<p><b>Zwi\u0119kszenia zakresu ruchu staw\u00f3w<\/b> \u2013 U\u0142atwia rozci\u0105ganie i funkcjonowanie mi\u0119\u015bni, zwi\u0119kszaj\u0105c zakres ruchu staw\u00f3w i poprawiaj\u0105c og\u00f3ln\u0105 mobilno\u015b\u0107.<\/p>\n<p><b>Leczenia b\u00f3lu<\/b> \u2013 Efektywnie wspomaga leczenie b\u00f3lu ostrego, podostrego, przewlek\u0142ego oraz b\u00f3lu rzutowanego i punkt\u00f3w spustowych.<\/p>\n<\/section><\/div>\n<div class=\"item item-6\">\n<section class=\"image-item\"><img decoding=\"async\" src=\"https:\/\/upload.cdn.baselinker.com\/products\/3016871\/1334ae65871eebf88d20c87346549d9f.jpg\" \/><\/section>\n<\/p><\/div>\n<\/section>\n<section class=\"section\">\n<div class=\"item item-6\">\n<section class=\"image-item\"><img decoding=\"async\" src=\"https:\/\/upload.cdn.baselinker.com\/products\/3016871\/117183c49c487127258ed0ebcd8f5ea2.jpg\" \/><\/section>\n<\/p><\/div>\n<div class=\"item item-6\">\n<section class=\"text-item\">\n<p><b>Sk\u0142ad:<\/b><\/p>\n<ul>\n<li><b>Kolagen typu I<\/b> \u2013 Pochodzenia zwierz\u0119cego, odpowiada za spr\u0119\u017cysto\u015b\u0107, j\u0119drno\u015b\u0107 i nawil\u017cenie sk\u00f3ry.<\/li>\n<li><b>Dziurawiec<\/b> \u2013 Naturalny sk\u0142adnik wspomagaj\u0105cy funkcjonowanie mi\u0119\u015bni.<\/li>\n<li><b>NaCl i woda do iniekcji<\/b> \u2013 Sk\u0142adniki wspomagaj\u0105ce odpowiedni\u0105 konsystencj\u0119 i dzia\u0142anie preparatu.<\/li>\n<\/ul>\n<\/section><\/div>\n<\/section>\n<section class=\"section\">\n<div class=\"item item-6\">\n<section class=\"text-item\">\n<p><b>MD-MUSCLE JEST WYROBEM MEDYCZNYM. U\u017bYWAJ GO ZGODNIE Z INSTRUKCJ\u0104 LUB ETYKIET\u0104.<\/b><\/p>\n<p><b>Produkt do stosowania wy\u0142\u0105cznie przez wykwalifikowany personel medyczny. Przed u\u017cyciem zapoznaj si\u0119 z informacj\u0105 u\u017cywania wyrobu medycznego i skonsultuj si\u0119&nbsp;<\/b><b>z lekarzem.<\/b><\/p>\n<p><b>Produkt mo\u017ce by\u0107 stosowany<\/b>&nbsp;<b>wy\u0142\u0105cznie<\/b>&nbsp;<b>przez profesjonalist\u00f3w.<\/b><\/p>\n<p><b>Dokonuj\u0105c zakupu o\u015bwiadczasz, \u017ce jeste\u015b lekarzem lub kosmetologiem przeszkolonym z zakresu medycyny estetycznej.<\/b><\/p>\n<\/section><\/div>\n<div class=\"item item-6\">\n<section class=\"image-item\"><img decoding=\"async\" src=\"https:\/\/upload.cdn.baselinker.com\/products\/3016871\/5217cced8fb2230f75fe15f297071785.jpg\" \/><\/section>\n<\/p><\/div>\n<\/section>\n<section class=\"section\">\n<div class=\"item item-12\">\n<section class=\"text-item\">\n<p><b>SPOS\u00d3B U\u017bYCIA<\/b><\/p>\n<p>Protok\u00f3\u0142 leczenia: 1-2 zabiegi raz w tygodniu przez 10 tygodni.<\/p>\n<p><b>Metoda iniekcji domi\u0119\u015bniowej<\/b>&nbsp;(miejsce wk\u0142ucia musi by\u0107 sterylne; wprowadzi\u0107 ig\u0142\u0119 w leczony mi\u0119sie\u0144 na g\u0142\u0119boko\u015b\u0107 2-4 mm)<\/p>\n<p>W tym celu zaleca si\u0119 wykorzystanie nast\u0119puj\u0105cych materia\u0142\u00f3w i przyrz\u0105d\u00f3w:<\/p>\n<p>Materia\u0142y do aseptycznego przygotowania powierzchni sk\u00f3ry: sterylne r\u0119kawiczki, roztw\u00f3r jodyny, roztw\u00f3r alkoholu, sterylne gaziki, chlorek etylu w aerozolu do sk\u00f3ry.<\/p>\n<p>Zaleca si\u0119 zastosowanie znieczulenia miejscowego na sk\u00f3rze w okolicy wykonywania zabiegu.<\/p>\n<p>Ig\u0142y: sterylne 27 G<\/p>\n<p>Strzykawki: rozmiar 5 lub 10 ml, odpowiednio do obj\u0119to\u015bci roztworu do wstrzykni\u0119cia<\/p>\n<p><b>PRZECIWWSKAZANIA<\/b><\/p>\n<p>Brak zaobserwowanych przypadk\u00f3w nadwra\u017cliwo\u015bci na MD-MUSCLE. Niemniej jednak, pacjenci, u kt\u00f3rych zaobserwowano nadwra\u017cliwo\u015b\u0107 na kt\u00f3rykolwiek ze sk\u0142adnik\u00f3w preparatu, powinni przed jego zastosowaniem zosta\u0107 poddani pr\u00f3bie uczuleniowej polegaj\u0105cej na punktowym wstrzykni\u0119ciu 0,1 ml preparatu w okolice przedramienia lub ramienia, a nast\u0119pnie powinni by\u0107 obserwowani przez 1 godzin\u0119.<\/p>\n<p><b>OSTRZE\u017bENIA I \u015aRODKI OSTRO\u017bNO\u015aCI<\/b><\/p>\n<p>B\u00f3l mi\u0119\u015bniowy wymaga diagnostyki r\u00f3\u017cnicowej w celu wykrycia ewentualnego metamerycznego b\u00f3lu neurogennego, zapalenia \u015bci\u0119gna, zatoru \u017cylnego.<\/p>\n<p>Niewielkie zaczerwienienie w okolicy wk\u0142ucia mo\u017ce wynika\u0107 z mechanicznego skutku wprowadzenia ig\u0142y lub z reakcji sk\u00f3ry.<\/p>\n<p>Podanie preparatu mo\u017ce wywo\u0142a\u0107 takie objawy jak pieczenie\/ b\u00f3l w miejscu iniekcji, kt\u00f3re ust\u0119puj\u0105 zwykle samoistnie w ci\u0105gu 5-10 minut po wykonanym zabiegu.<\/p>\n<p>Oczyszczenie i odka\u017cenie sk\u00f3ry s\u0105 konieczne przed i po podaniu preparatu. Bakterie saprofityczne mog\u0105 spowodowa\u0107 utworzenie si\u0119 ropnia w miejscu wk\u0142ucia.<\/p>\n<p><b>TERMIN PRZYDATNO\u015aCI I PRZECHOWYWANIE<\/b><\/p>\n<p>Chroni\u0107 przed oddzia\u0142ywaniem promieni s\u0142onecznych i zamarzaniem.<\/p>\n<p>Warunki przechowywania i u\u017cytkowania: 2-30\u00b0C<\/p>\n<p>PRZECHOWYWA\u0106 W MIEJSCU NIEDOST\u0118PNYM DLA DZIECI.<\/p>\n<p>Nie u\u017cywa\u0107 po up\u0142ywie terminu wa\u017cno\u015bci. Termin wa\u017cno\u015bci odnosi si\u0119 do produktu przechowywanego w prawid\u0142owych warunkach, w oryginalnym i nieuszkodzonym opakowaniu.<\/p>\n<p>Produkt nale\u017cy zu\u017cy\u0107 bezpo\u015brednio po otwarciu.<\/p>\n<p><b>Opakowanie: 20 ml<\/b><\/p>\n<p><b>Producent: GUNA &#8211; Ambra Group<\/b><\/p>\n<\/section><\/div>\n<\/section>\n","protected":false},"excerpt":{"rendered":"<p>\u2b50 MD-Muscle GUNA \u2013 zaawansowany produkt stworzony do wspomagania terapii mi\u0119\u015bni i staw\u00f3w, a tak\u017ce do profilaktyki przeciwstarzeniowej. Dzi\u0119ki zawarto\u015bci tropokolagenu typu I, MD-Muscle regeneruje tkank\u0119 \u0142\u0105czn\u0105 mi\u0119\u015bni, wp\u0142ywaj\u0105c korzystnie na naczynia krwiono\u015bne i nerwy odpowiedzialne za ich funkcjonowanie. \u2b50 \u27a1\ufe0f Korzy\u015bci stosowania MD-MUSCLE: Regeneracja i uj\u0119drnienie \u2013 Tropokolagen typu I regeneruje tkank\u0119 \u0142\u0105czn\u0105, przywracaj\u0105c [&hellip;]<\/p>\n","protected":false},"featured_media":991,"comment_status":"open","ping_status":"closed","template":"","meta":[],"product_brand":[],"product_cat":[138],"product_tag":[],"class_list":{"0":"post-899","1":"product","2":"type-product","3":"status-publish","4":"has-post-thumbnail","6":"product_cat-kolagen","8":"first","9":"instock","10":"taxable","11":"shipping-taxable","12":"purchasable","13":"product-type-simple"},"_links":{"self":[{"href":"https:\/\/walkomed.pl\/sklep\/wp-json\/wp\/v2\/product\/899","targetHints":{"allow":["GET"]}}],"collection":[{"href":"https:\/\/walkomed.pl\/sklep\/wp-json\/wp\/v2\/product"}],"about":[{"href":"https:\/\/walkomed.pl\/sklep\/wp-json\/wp\/v2\/types\/product"}],"replies":[{"embeddable":true,"href":"https:\/\/walkomed.pl\/sklep\/wp-json\/wp\/v2\/comments?post=899"}],"wp:featuredmedia":[{"embeddable":true,"href":"https:\/\/walkomed.pl\/sklep\/wp-json\/wp\/v2\/media\/991"}],"wp:attachment":[{"href":"https:\/\/walkomed.pl\/sklep\/wp-json\/wp\/v2\/media?parent=899"}],"wp:term":[{"taxonomy":"product_brand","embeddable":true,"href":"https:\/\/walkomed.pl\/sklep\/wp-json\/wp\/v2\/product_brand?post=899"},{"taxonomy":"product_cat","embeddable":true,"href":"https:\/\/walkomed.pl\/sklep\/wp-json\/wp\/v2\/product_cat?post=899"},{"taxonomy":"product_tag","embeddable":true,"href":"https:\/\/walkomed.pl\/sklep\/wp-json\/wp\/v2\/product_tag?post=899"}],"curies":[{"name":"wp","href":"https:\/\/api.w.org\/{rel}","templated":true}]}}