{"id":3,"date":"2023-08-03T13:37:52","date_gmt":"2023-08-03T11:37:52","guid":{"rendered":"https:\/\/walkomed.pl\/sklep\/?page_id=3"},"modified":"2025-02-12T19:45:22","modified_gmt":"2025-02-12T18:45:22","slug":"polityka-prywatnosci","status":"publish","type":"page","link":"https:\/\/walkomed.pl\/sklep\/polityka-prywatnosci\/","title":{"rendered":"Polityka prywatno\u015bci"},"content":{"rendered":"<h3 data-start=\"590\" data-end=\"664\">Polityka prywatno\u015bci i plik\u00f3w cookies sklepu internetowego walkomed.pl<\/h3>\n<p data-start=\"666\" data-end=\"998\">Niniejszy dokument reguluje Polityk\u0119 prywatno\u015bci i plik\u00f3w \u201ecookies\u201d sklepu internetowego prowadzonego w domenie <strong data-start=\"778\" data-end=\"793\">walkomed.pl<\/strong> (zwanego dalej <strong data-start=\"809\" data-end=\"820\">Sklepem<\/strong>). <strong data-start=\"823\" data-end=\"840\">Pogodny sklep<\/strong>, ul. \u017bwirki i Wigury 44\/38, 43-190 Miko\u0142\u00f3w, NIP: 6351825456, REGON: 520683025. Sklep prowadzony jest pod adresem <strong>ul. Czeladzka 13\/1, 41-205 Sosnowiec<\/strong>\u00a0 (zwany dalej <strong data-start=\"892\" data-end=\"906\">Sprzedawc\u0105<\/strong>) dochowuje wszelkiej nale\u017cytej staranno\u015bci w celu poszanowania prywatno\u015bci Klient\u00f3w Sklepu.<\/p>\n<hr data-start=\"1000\" data-end=\"1003\" \/>\n<h2 data-start=\"1005\" data-end=\"1041\">1. Administrator danych osobowych<\/h2>\n<p data-start=\"1043\" data-end=\"1266\">Administratorem danych osobowych zawartych w sklepie internetowym <strong data-start=\"1109\" data-end=\"1124\">walkomed.pl<\/strong> jest <strong>Pogodny Sklep<\/strong> z siedzib\u0105 w 43-190 Miko\u0142\u00f3w, ul. \u017bwirki i Wigury 44\/38 NIP: 6351825456, REGON: 520683025<\/p>\n<hr data-start=\"1268\" data-end=\"1271\" \/>\n<h2 data-start=\"1273\" data-end=\"1291\">2. Dane osobowe<\/h2>\n<p data-start=\"1293\" data-end=\"1707\">Klient\u00f3w korzystaj\u0105cych z us\u0142ug \u015bwiadczonych drog\u0105 elektroniczn\u0105 za po\u015brednictwem Sklepu prosimy o dobrowolne podanie danych osobowych. Administrator przetwarza pozyskane dane na podstawie obowi\u0105zuj\u0105cych przepis\u00f3w prawa (w szczeg\u00f3lno\u015bci ustawy o ochronie danych osobowych oraz rozporz\u0105dzenia RODO). Dane zostaj\u0105 zebrane w szczeg\u00f3lno\u015bci w celu realizacji umowy oraz \u015bwiadczenia us\u0142ug na rzecz os\u00f3b, kt\u00f3rych dotycz\u0105.<\/p>\n<p data-start=\"1709\" data-end=\"1818\">Administrator przetwarza dane osobowe Klient\u00f3w sklepu internetowego <strong data-start=\"1777\" data-end=\"1792\">walkomed.pl<\/strong> w nast\u0119puj\u0105cych zbiorach:<\/p>\n<table data-start=\"1820\" data-end=\"5619\">\n<thead data-start=\"1820\" data-end=\"2230\">\n<tr data-start=\"1820\" data-end=\"2230\">\n<th data-start=\"1820\" data-end=\"1887\"><strong data-start=\"1822\" data-end=\"1838\">Nazwa zbioru<\/strong><\/th>\n<th data-start=\"1887\" data-end=\"2112\"><strong data-start=\"1889\" data-end=\"1921\">Zakres przetwarzanych danych<\/strong><\/th>\n<th data-start=\"2112\" data-end=\"2230\"><strong data-start=\"2114\" data-end=\"2135\">Cel przetwarzania<\/strong><\/th>\n<\/tr>\n<\/thead>\n<tbody data-start=\"2644\" data-end=\"5619\">\n<tr data-start=\"2644\" data-end=\"3093\">\n<td>Zbi\u00f3r danych osobowych Klient\u00f3w<\/td>\n<td>&#8211; imi\u0119 i nazwisko<br \/>\n&#8211; firma przedsi\u0119biorcy<br \/>\n&#8211; adres zamieszkania<br \/>\n&#8211; adres siedziby<br \/>\n&#8211; adres dostawy<br \/>\n&#8211; numer telefonu<br \/>\n&#8211; adres e-mail<br \/>\n&#8211; NIP<br \/>\n&#8211; numer konta bankowego<br \/>\n&#8211; numer zam\u00f3wienia<br \/>\n&#8211; nr IP<\/td>\n<td>Realizacja umowy zawartej z Klientem.<\/td>\n<\/tr>\n<tr data-start=\"3094\" data-end=\"3542\">\n<td>Zbi\u00f3r danych osobowych Klient\u00f3w, kt\u00f3rzy z\u0142o\u017cyli reklamacj\u0119<\/td>\n<td>&#8211; imi\u0119 i nazwisko<br \/>\n&#8211; firma przedsi\u0119biorcy<br \/>\n&#8211; adres zamieszkania<br \/>\n&#8211; adres siedziby<br \/>\n&#8211; adres dostawy<br \/>\n&#8211; numer telefonu<br \/>\n&#8211; adres e-mail<br \/>\n&#8211; NIP<br \/>\n&#8211; numer konta bankowego<br \/>\n&#8211; numer zam\u00f3wienia<br \/>\n&#8211; numer reklamacji<\/td>\n<td>Prowadzenie post\u0119powa\u0144 zwi\u0105zanych z reklamacj\u0105.<\/td>\n<\/tr>\n<tr data-start=\"3543\" data-end=\"3954\">\n<td>Zbi\u00f3r danych os\u00f3b korzystaj\u0105cych z us\u0142ugi \u201eNewsletter\u201d<\/td>\n<td>&#8211; imi\u0119 i nazwisko<br \/>\n&#8211; adres e-mail<br \/>\n&#8211; nr IP<\/td>\n<td>Przesy\u0142anie newslettera.<\/td>\n<\/tr>\n<tr data-start=\"3955\" data-end=\"4366\">\n<td>Zbi\u00f3r danych os\u00f3b korzystaj\u0105cych z formularzy kontaktowych<\/td>\n<td>&#8211; imi\u0119 i nazwisko<br \/>\n&#8211; adres e-mail<br \/>\n&#8211; nr IP<\/td>\n<td>Umo\u017cliwienie kontaktu ze Sprzedawc\u0105 osobom, kt\u00f3re s\u0105 zainteresowane oferowanymi produktami lub us\u0142ugami.<\/td>\n<\/tr>\n<tr data-start=\"4367\" data-end=\"4780\">\n<td>Zbi\u00f3r danych os\u00f3b, kt\u00f3re wystawi\u0142y opinie o oferowanych produktach<\/td>\n<td>&#8211; imi\u0119 i nazwisko<br \/>\n&#8211; pseudonim<br \/>\n&#8211; nr IP<\/td>\n<td>Umo\u017cliwienie Klientom wystawienia opinii dotycz\u0105cych zakupionych w Sklepie produkt\u00f3w.<\/td>\n<\/tr>\n<tr data-start=\"4781\" data-end=\"5206\">\n<td>Zbi\u00f3r danych os\u00f3b, kt\u00f3re wyrazi\u0142y zgod\u0119 na otrzymywanie informacji handlowych<\/td>\n<td>&#8211; imi\u0119 i nazwisko<br \/>\n&#8211; adres e-mail<br \/>\n&#8211; nr IP<\/td>\n<td>Przes\u0142anie przez Sprzedawc\u0119 informacji handlowych.<\/td>\n<\/tr>\n<tr data-start=\"5207\" data-end=\"5619\">\n<td>Zbi\u00f3r danych os\u00f3b, kt\u00f3rym udost\u0119pniono list\u0119 \u017cycze\u0144<\/td>\n<td>&#8211; imi\u0119 i nazwisko<br \/>\n&#8211; adres e-mail<\/td>\n<td>Umo\u017cliwienie Klientom przes\u0142ania \u201elisty \u017cycze\u0144\u201d do os\u00f3b trzecich.<\/td>\n<\/tr>\n<\/tbody>\n<\/table>\n<p data-start=\"5621\" data-end=\"5719\">Zgoda na przetwarzanie danych osobowych w celach marketingowych mo\u017ce by\u0107 cofni\u0119ta w ka\u017cdej chwili.<\/p>\n<p data-start=\"5721\" data-end=\"5911\">Administrator danych osobowych dochowuje szczeg\u00f3lnej i nale\u017cytej staranno\u015bci w celu ochrony praw Klient\u00f3w, kt\u00f3rych dane podlegaj\u0105 przetwarzaniu, a w szczeg\u00f3lno\u015bci zapewnia, aby dane te by\u0142y:<\/p>\n<ol data-start=\"5913\" data-end=\"6359\">\n<li data-start=\"5913\" data-end=\"5946\">przetwarzane zgodnie z prawem,<\/li>\n<li data-start=\"5947\" data-end=\"6025\">zbierane dla oznaczonych w niniejszym dokumencie i zgodnych z prawem cel\u00f3w,<\/li>\n<li data-start=\"6026\" data-end=\"6097\">niepoddawane dalszemu przetwarzaniu niezgodnemu z powy\u017cszymi celami,<\/li>\n<li data-start=\"6098\" data-end=\"6182\">merytorycznie poprawne i adekwatne w stosunku do cel\u00f3w, w jakich s\u0105 przetwarzane,<\/li>\n<li data-start=\"6183\" data-end=\"6212\">odpowiednio zabezpieczone,<\/li>\n<li data-start=\"6213\" data-end=\"6359\">przechowywane w postaci umo\u017cliwiaj\u0105cej identyfikacj\u0119 os\u00f3b, kt\u00f3rych dotycz\u0105, nie d\u0142u\u017cej ni\u017c jest to niezb\u0119dne do osi\u0105gni\u0119cia celu przetwarzania.<\/li>\n<\/ol>\n<p data-start=\"6361\" data-end=\"6852\">Administrator danych osobowych zastrzega, i\u017c zgodnie z przepisami ustawy o ochronie danych osobowych mo\u017ce powierzy\u0107 przetwarzanie danych osobowych Klient\u00f3w, kt\u00f3rych danymi administruje, innym firmom w celu prawid\u0142owego wykonania przez te firmy czynno\u015bci zwi\u0105zanych z dostarczeniem produkt\u00f3w, hostingiem, administracj\u0105, utrzymywaniem oraz zarz\u0105dzaniem Sklepem, a tak\u017ce z dochodzeniem roszcze\u0144 oraz wyja\u015bnieniem okoliczno\u015bci niedozwolonego korzystania z us\u0142ug \u015bwiadczonych drog\u0105 elektroniczn\u0105.<\/p>\n<hr data-start=\"6854\" data-end=\"6857\" \/>\n<h2 data-start=\"6859\" data-end=\"6884\">3. Uprawnienia Klienta<\/h2>\n<p data-start=\"6886\" data-end=\"7389\">Klientom przys\u0142uguje prawo kontroli przetwarzania danych, kt\u00f3re ich dotycz\u0105, zawartych w zbiorach danych Sprzedawcy. Jest to zw\u0142aszcza prawo do dost\u0119pu do tre\u015bci swoich danych oraz ich poprawiania, a tak\u017ce \u017c\u0105dania uzupe\u0142nienia, uaktualnienia, sprostowania danych osobowych, czasowego lub sta\u0142ego wstrzymania ich przetwarzania lub ich usuni\u0119cia, je\u017celi s\u0105 one niekompletne, nieaktualne, nieprawdziwe, zosta\u0142y zebrane z naruszeniem prawa albo s\u0105 ju\u017c zb\u0119dne do realizacji celu, dla kt\u00f3rego zosta\u0142y zebrane.<\/p>\n<p data-start=\"7391\" data-end=\"7693\">Dane osobowe podane przez Klienta w czasie rejestracji mog\u0105 by\u0107 przez niego samodzielnie edytowane i usuwane w zak\u0142adce \u201eKonto Klienta\u201d. Klientowi przys\u0142uguje prawo zako\u0144czenia w ka\u017cdej chwili korzystania z us\u0142ugi \u015bwiadczonej drog\u0105 elektroniczn\u0105, w tym prowadzenia Konta Klienta oraz us\u0142ugi Newsletter.<\/p>\n<p data-start=\"7695\" data-end=\"8064\">Klienci mog\u0105 r\u00f3wnie\u017c skontaktowa\u0107 si\u0119 ze Sprzedawc\u0105 w celu wykonania przys\u0142uguj\u0105cego im prawa dost\u0119pu, modyfikacji i usuni\u0119cia danych b\u0105d\u017a w celu sprzeciwienia si\u0119 ich przetwarzaniu, za po\u015brednictwem Danych Kontaktowych Sprzedawcy udost\u0119pnionych na stronie internetowej, w szczeg\u00f3lno\u015bci poprzez wys\u0142anie wiadomo\u015bci na adres poczty elektronicznej: <strong data-start=\"8042\" data-end=\"8063\"><a rel=\"noopener\" data-start=\"8044\" data-end=\"8061\">biuro@walkomed.pl<\/a><\/strong>.<\/p>\n<hr data-start=\"8066\" data-end=\"8069\" \/>\n<h2 data-start=\"8071\" data-end=\"8096\">4. Dzienniki systemowe<\/h2>\n<p data-start=\"8098\" data-end=\"8469\">To wewn\u0119trzne dzienniki zdarze\u0144 serwera Sklepu, automatycznie zapisuj\u0105ce \u017c\u0105dania stron wysy\u0142ane, gdy Klienci odwiedzaj\u0105 jego witryny. Dzienniki systemowe zawieraj\u0105 \u017c\u0105danie strony wys\u0142ane przez Klienta, adres IP, typ przegl\u0105darki, j\u0119zyk przegl\u0105darki, dat\u0119 i godzin\u0119 \u017c\u0105dania oraz co najmniej jeden plik \u201ecookie\u201d, kt\u00f3ry mo\u017ce jednoznacznie identyfikowa\u0107 przegl\u0105dark\u0119 Klienta.<\/p>\n<hr data-start=\"8471\" data-end=\"8474\" \/>\n<h2 data-start=\"8476\" data-end=\"8497\">5. Pliki \u201ecookies\u201d<\/h2>\n<p data-start=\"8499\" data-end=\"9107\">Pliki \u201ecookies\u201d to niewielkie pliki zawieraj\u0105ce ci\u0105g znak\u00f3w, kt\u00f3re s\u0105 wysy\u0142ane i zapisywane na urz\u0105dzeniu ko\u0144cowym (np. komputerze, laptopie, tablecie, smartfonie) u\u017cywanym przez Klienta podczas odwiedzania Sklepu. Informacje te przesy\u0142ane s\u0105 do schowka u\u017cywanej przegl\u0105darki, kt\u00f3ra wysy\u0142a je z powrotem przy nast\u0119pnych wej\u015bciach na stron\u0119 internetow\u0105. Pliki \u201ecookies\u201d zawieraj\u0105 informacje niezb\u0119dne do prawid\u0142owego korzystania ze Sklepu internetowego <strong data-start=\"8951\" data-end=\"8966\">walkomed.pl<\/strong>. Najcz\u0119\u015bciej zawieraj\u0105 one nazw\u0119 strony internetowej, z kt\u00f3rej pochodz\u0105, czas przechowywania ich na urz\u0105dzeniu ko\u0144cowym oraz unikalny numer.<\/p>\n<p data-start=\"9109\" data-end=\"9619\">Pliki te pozwalaj\u0105 na rozpoznanie urz\u0105dzenia Klienta i wy\u015bwietlenie strony internetowej Sklepu dostosowanej do jego indywidualnych oczekiwa\u0144, co sprawia, \u017ce korzystanie ze stron staje si\u0119 \u0142atwiejsze i przyjemniejsze. Dzi\u0119ki zapisaniu tych plik\u00f3w na urz\u0105dzeniu Klienta mo\u017cliwe jest m.in. zapami\u0119tanie danych logowania, utrzymywanie sesji po zalogowaniu, zapami\u0119tanie towar\u00f3w dodanych przez Klienta do Koszyka czy dostosowanie strony do preferencji Klienta, takich jak rozmieszczenie tre\u015bci, j\u0119zyk czy jej kolor.<\/p>\n<h3 data-start=\"9621\" data-end=\"9665\">Jakie pliki \u201ecookies\u201d s\u0105 wykorzystywane?<\/h3>\n<p data-start=\"9667\" data-end=\"9758\">Na stronie internetowej <strong data-start=\"9691\" data-end=\"9706\">walkomed.pl<\/strong> u\u017cywane s\u0105 g\u0142\u00f3wnie trzy kategorie plik\u00f3w \u201ecookies\u201d:<\/p>\n<ol data-start=\"9760\" data-end=\"10625\">\n<li data-start=\"9760\" data-end=\"10008\"><strong data-start=\"9763\" data-end=\"9782\">Pliki niezb\u0119dne<\/strong> \u2013 pliki te umo\u017cliwiaj\u0105 prawid\u0142owe dzia\u0142anie Sklepu oraz funkcjonalno\u015bci, z kt\u00f3rych Klient chce skorzysta\u0107 (np. uwierzytelniaj\u0105ce pliki cookies). Bez ich zapisania na urz\u0105dzeniu Klienta korzystanie ze Sklepu jest niemo\u017cliwe.<\/li>\n<li data-start=\"10009\" data-end=\"10295\"><strong data-start=\"10012\" data-end=\"10034\">Pliki funkcjonalne<\/strong> \u2013 pliki umo\u017cliwiaj\u0105ce zapami\u0119tanie wybranych przez Klienta ustawie\u0144 i dostosowanie ich do jego potrzeb (np. w zakresie wybranego j\u0119zyka, rozmiaru czcionki, wygl\u0105du strony internetowej). Pozwalaj\u0105 one Sprzedawcy na popraw\u0119 funkcjonalno\u015bci i wydajno\u015bci strony.<\/li>\n<li data-start=\"10296\" data-end=\"10625\"><strong data-start=\"10299\" data-end=\"10318\">Pliki biznesowe<\/strong> \u2013 do tej kategorii nale\u017c\u0105 np. cookies reklamowe. Umo\u017cliwiaj\u0105 one realizacj\u0119 modelu biznesowego. Ich zablokowanie mo\u017ce obni\u017cy\u0107 poziom \u015bwiadczenia us\u0142ug ze wzgl\u0119du na brak mo\u017cliwo\u015bci realizacji przychod\u00f3w subsydiuj\u0105cych dzia\u0142anie Sklepu, jednak nie spowoduje to niedost\u0119pno\u015bci ca\u0142o\u015bci funkcjonalno\u015bci strony.<\/li>\n<\/ol>\n<h3 data-start=\"10627\" data-end=\"10660\">Zarz\u0105dzanie plikami \u201ecookies\u201d<\/h3>\n<p data-start=\"10662\" data-end=\"11247\">Najcz\u0119\u015bciej ustawienia przegl\u0105darki domy\u015blnie dopuszczaj\u0105 umieszczanie plik\u00f3w \u201ecookies\u201d na urz\u0105dzeniu ko\u0144cowym. Je\u017celi Klient nie zgadza si\u0119 na zapisywanie tych plik\u00f3w, konieczna jest odpowiednia zmiana ustawie\u0144 przegl\u0105darki internetowej. Mo\u017cliwe jest wy\u0142\u0105czenie zapisywania plik\u00f3w \u201ecookies\u201d dla wszystkich po\u0142\u0105cze\u0144 z danej przegl\u0105darki lub dla konkretnej witryny, a tak\u017ce ich usuwanie. Spos\u00f3b zarz\u0105dzania plikami \u201ecookies\u201d zale\u017cy od u\u017cywanego oprogramowania \u2013 szczeg\u00f3\u0142owe informacje o mo\u017cliwo\u015bci i sposobach ich obs\u0142ugi Klient znajdzie w ustawieniach swojej przegl\u0105darki internetowej.<\/p>\n<p data-start=\"11249\" data-end=\"11457\">Zgoda na przetwarzanie plik\u00f3w \u201ecookies\u201d jest dobrowolna. Nale\u017cy jednak pami\u0119ta\u0107, \u017ce ograniczenia w ich stosowaniu mog\u0105 utrudni\u0107 lub uniemo\u017cliwi\u0107 korzystanie z us\u0142ug oferowanych na stronie internetowej Sklepu.<\/p>\n<hr data-start=\"11459\" data-end=\"11462\" \/>\n<h2 data-start=\"11464\" data-end=\"11488\">6. Gromadzenie danych<\/h2>\n<p data-start=\"11490\" data-end=\"11747\">Dane gromadzone w dziennikach systemowych s\u0105 wykorzystywane przez Sprzedawc\u0119 przez czas nieokre\u015blony wy\u0142\u0105cznie w celu administrowania Sklepem. Nie s\u0105 one przekazywane na rzecz podmiot\u00f3w trzecich, z wy\u0142\u0105czeniem okoliczno\u015bci opisanych w niniejszym dokumencie.<\/p>\n<p data-start=\"11749\" data-end=\"12392\">W zwi\u0105zku z korzystaniem ze Sklepu przez Klient\u00f3w, w spos\u00f3b automatyczny mo\u017cemy zbiera\u0107 i zapisywa\u0107 w dziennikach serwer\u00f3w szczeg\u00f3\u0142y techniczne dotycz\u0105ce sposobu korzystania z us\u0142ug, przes\u0142ane przez Klienta \u017c\u0105dania zwi\u0105zane ze \u015bwiadczeniem us\u0142ug drog\u0105 elektroniczn\u0105, adres IP oraz dane techniczne o dzia\u0142aniu Sklepu w zwi\u0105zku z czynno\u015bciami dokonywanymi przez Klienta, w szczeg\u00f3lno\u015bci informacje o rozpocz\u0119ciu, zako\u0144czeniu oraz zakresie ka\u017cdorazowego korzystania z us\u0142ugi \u015bwiadczonej drog\u0105 elektroniczn\u0105. Mo\u017cemy r\u00f3wnie\u017c zbiera\u0107 informacje, celem przechowywania ich lokalnie na urz\u0105dzeniu Klienta, korzystaj\u0105c z mechanizmu pami\u0119ci przegl\u0105darki.<\/p>\n<p data-start=\"12394\" data-end=\"12809\">W trakcie \u015bwiadczenia us\u0142ug na rzecz Klient\u00f3w stosujemy profesjonalne technologie do gromadzenia i zapisywania informacji, takie jak pliki \u201ecookie\u201d. Dost\u0119p do danych \u201ecookie\u201d mo\u017ce posiada\u0107 r\u00f3wnie\u017c firma Google za po\u015brednictwem narz\u0119dzi Google Analytics oraz Google Ads, w celu sporz\u0105dzenia statystyk ruchu oraz skuteczno\u015bci kampanii promocyjnych realizowanych przez Sprzedawc\u0119 za pomoc\u0105 wy\u017cej wymienionych narz\u0119dzi.<\/p>\n<p data-start=\"12811\" data-end=\"13247\">Dane zgromadzone w Sklepie przechowywane s\u0105 na zewn\u0119trznych bezpiecznych i profesjonalnych serwerach, na podstawie um\u00f3w zawartych przez Sprzedawc\u0119. Sprzedawca dochowuje nale\u017cytych \u015brodk\u00f3w ostro\u017cno\u015bci, celem zabezpieczenia danych osobowych Klient\u00f3w przed dost\u0119pem os\u00f3b nieuprawnionych, zniszczeniem, ujawnieniem oraz bezprawnym wykorzystaniem. Do przetwarzania danych Klient\u00f3w Sklepu uprawnieni s\u0105 wy\u0142\u0105cznie sami Klienci oraz Sprzedawca.<\/p>\n<hr data-start=\"13249\" data-end=\"13252\" \/>\n<h2 data-start=\"13254\" data-end=\"13264\">7. Inne<\/h2>\n<p data-start=\"13266\" data-end=\"13505\">Sklep mo\u017ce zawiera\u0107 odno\u015bniki do innych stron internetowych. Sprzedawca nie ponosi odpowiedzialno\u015bci za obowi\u0105zuj\u0105ce na tych stronach zasady polityki prywatno\u015bci. Zalecamy zapoznanie si\u0119 z polityk\u0105 prywatno\u015bci tych stron po wej\u015bciu na nie.<\/p>\n<p data-start=\"13507\" data-end=\"13592\">Sprzedawca zastrzega sobie prawo do zmiany Polityki prywatno\u015bci i plik\u00f3w \u201ecookies\u201d.<\/p>\n","protected":false},"excerpt":{"rendered":"<p>Polityka prywatno\u015bci i plik\u00f3w cookies sklepu internetowego walkomed.pl Niniejszy dokument reguluje Polityk\u0119 prywatno\u015bci i plik\u00f3w \u201ecookies\u201d sklepu internetowego prowadzonego w domenie walkomed.pl (zwanego dalej Sklepem). Pogodny sklep, ul. \u017bwirki i Wigury 44\/38, 43-190 Miko\u0142\u00f3w, NIP: 6351825456, REGON: 520683025. Sklep prowadzony jest pod adresem ul. Czeladzka 13\/1, 41-205 Sosnowiec\u00a0 (zwany dalej Sprzedawc\u0105) dochowuje wszelkiej nale\u017cytej staranno\u015bci [&hellip;]<\/p>\n","protected":false},"author":1,"featured_media":0,"parent":0,"menu_order":0,"comment_status":"closed","ping_status":"open","template":"","meta":{"footnotes":""},"class_list":["post-3","page","type-page","status-publish","hentry"],"_links":{"self":[{"href":"https:\/\/walkomed.pl\/sklep\/wp-json\/wp\/v2\/pages\/3","targetHints":{"allow":["GET"]}}],"collection":[{"href":"https:\/\/walkomed.pl\/sklep\/wp-json\/wp\/v2\/pages"}],"about":[{"href":"https:\/\/walkomed.pl\/sklep\/wp-json\/wp\/v2\/types\/page"}],"author":[{"embeddable":true,"href":"https:\/\/walkomed.pl\/sklep\/wp-json\/wp\/v2\/users\/1"}],"replies":[{"embeddable":true,"href":"https:\/\/walkomed.pl\/sklep\/wp-json\/wp\/v2\/comments?post=3"}],"version-history":[{"count":5,"href":"https:\/\/walkomed.pl\/sklep\/wp-json\/wp\/v2\/pages\/3\/revisions"}],"predecessor-version":[{"id":757,"href":"https:\/\/walkomed.pl\/sklep\/wp-json\/wp\/v2\/pages\/3\/revisions\/757"}],"wp:attachment":[{"href":"https:\/\/walkomed.pl\/sklep\/wp-json\/wp\/v2\/media?parent=3"}],"curies":[{"name":"wp","href":"https:\/\/api.w.org\/{rel}","templated":true}]}}